
Let p(n) = -n**3 - 53*n**2 + 231*n + 245. Determine p(-57).
74
Let l(z) = z**3 - 7*z**2 - 119*z - 155. Give l(-6).
91
Let w(d) = 38*d**2 + 4829*d + 48835. Give w(-116).
-1
Let i(j) = j**2 + 377*j + 6033. Give i(-17).
-87
Let p(s) = 672*s + 60868. Give p(-91).
-284
Let g(l) = 2*l**3 + 366*l**2 + 30*l + 5576. Determine g(-183).
86
Let a(z) = -2*z**2 - 45173*z - 2658254. Determine a(-59).
-9
Let k(c) = -935*c**2 - 181*c + 75. Calculate k(1).
-1041
Let r(f) = -83550*f - 10025999. What is r(-120)?
1
Let d(l) = -11*l**3 + 1111*l**2 + 2268*l - 206. Determine d(103).
0
Let d(w) = -513*w + 136293. Calculate d(265).
348
Let a(c) = -716*c - 43673. Determine a(-61).
3
Let s(p) = -13*p**3 + 23*p**2 - 28*p + 5. Give s(3).
-223
Let g(h) = -8*h**2 + 543*h + 2745. What is g(-5)?
-170
Let b(s) = 416*s + 98348. Calculate b(-236).
172
Let y(c) = 260*c**2 - 18458*c + 165. Give y(71).
307
Let r(m) = -5*m**2 - 1587*m - 11467. What is r(-310)?
3
Let d(a) = -a**2 - 127092*a - 635449. What is d(-5)?
-14
Let j(h) = 634211*h - 38052652. Calculate j(60).
8
Let n(x) = -2*x**2 + 523*x + 25. Determine n(0).
25
Let x(n) = 5*n**3 - 5*n**2 + 153*n + 741. Give x(-4).
-271
Let v(u) = -u**2 + 72*u + 59. Calculate v(70).
199
Let y(q) = -6*q**3 - 7*q**2 + 864*q + 3488. Give y(-4).
304
Let c(f) = -53*f**2 - 776*f + 203002. Calculate c(55).
-3
Let d(z) = z**2 - 3828*z + 45683. What is d(12)?
-109
Let g(m) = 55*m + 892. What is g(-21)?
-263
Let j(i) = -i**2 + 64*i + 233838. Calculate j(-453).
-363
Let o(p) = -3*p**2 + 68*p - 278. What is o(24)?
-374
Let i(z) = -97*z**2 - 7987*z + 23935. Calculate i(3).
-899
Let i(n) = -n**2 - 113*n - 1649. Give i(-84).
787
Let f(j) = 3729*j - 14872. Give f(4).
44
Let y(j) = 3*j**3 - 25*j**2 - 8*j + 134. Calculate y(8).
6
Let y(p) = 5*p**3 + 16*p**2 - 63*p - 69. Determine y(-5).
21
Let d(t) = 2*t**3 + 702*t**2 + 1744*t + 612150. Give d(-351).
6
Let i(z) = -z**3 + 379*z**2 + 617*z + 55239. Calculate i(381).
-6
Let h(n) = -616466*n - 4315246. Give h(-7).
16
Let m(z) = -6*z**2 + 464*z - 3093. What is m(70)?
-13
Let q(r) = -1046*r - 56518. Determine q(-54).
-34
Let r(g) = 111179*g + 5892488. Calculate r(-53).
1
Let a(x) = 947*x + 10304. Give a(-14).
-2954
Let g(b) = 2071*b + 116026. Calculate g(-56).
50
Let m(k) = k**2 - 8*k - 23. What is m(10)?
-3
Let o(m) = -6*m**2 - 2293*m + 746133. What is o(210)?
3
Let q(h) = -h**3 - 85*h**2 + 509*h - 310. Give q(5).
-15
Let h(w) = 2144*w - 94349. Calculate h(44).
-13
Let z(m) = -2*m**2 + 1384*m - 38436. What is z(29)?
18
Let p(q) = -1602*q + 3332. Give p(2).
128
Let h(a) = 12*a**3 - 10*a**2 - 15*a + 96. Give h(7).
3617
Let q(v) = -1999*v - 10348. Determine q(-5).
-353
Let h(z) = 23*z**2 - 173*z + 312. Give h(2).
58
Let u(q) = -59*q**2 - 14924*q + 44785. Determine u(3).
-518
Let p(u) = -135200*u - 5002413. Determine p(-37).
-13
Let j(r) = -r**3 + 61*r**2 - 89*r - 7553. What is j(57)?
370
Let g(w) = -w**2 - 3479*w - 31246. Give g(-9).
-16
Let z(j) = -955*j - 16824. What is z(-17)?
-589
Let x(u) = -23*u**2 + 298*u - 4. What is x(13)?
-17
Let z(d) = 3*d**3 + 41*d**2 + 54*d + 372. Calculate z(-10).
932
Let r(q) = q**3 + 376*q**2 - 43*q - 16405. Calculate r(-376).
-237
Let o(k) = k**2 - 5932*k + 669036. Calculate o(115).
81
Let l(i) = -219*i + 6566. What is l(30)?
-4
Let a(g) = g**2 - 389*g + 30719. What is a(279)?
29
Let f(l) = 2*l**3 - 69*l**2 + 69*l - 4000. Give f(35).
-360
Let p(h) = -187*h**3 + 2801*h**2 + 60*h + 21. What is p(15)?
21
Let a(y) = y**2 + 741*y + 14449. Calculate a(-20).
29
Let m(p) = 99*p - 4038. Calculate m(39).
-177
Let y(o) = -80*o - 2551. Calculate y(-30).
-151
Let w(n) = 7*n**3 - 62*n**2 - 151*n + 4. What is w(-2)?
2
Let f(v) = -v**2 + 28896*v + 1012583. Give f(-35).
-2
Let b(i) = 2*i**3 + 314*i**2 - 356*i - 6318. Give b(-158).
2
Let a(r) = 3*r**2 + 858*r + 57260. What is a(-106)?
20
Let i(d) = 72658*d - 72652. Calculate i(1).
6
Let n(v) = -3*v**2 + 17007*v + 547285. Determine n(-32).
-11
Let w(y) = 274*y**2 + 93706*y - 566. Calculate w(-342).
118
Let z(i) = -4420588*i - 8841184. What is z(-2)?
-8
Let q(m) = -3824*m - 378542. Calculate q(-99).
34
Let s(n) = -225*n + 1086. What is s(8)?
-714
Let o(p) = 298*p - 3894. What is o(13)?
-20
Let c(y) = -1328*y - 119. Give c(0).
-119
Let g(k) = -k**2 - 98*k - 1249. Give g(-15).
-4
Let n(c) = -c**3 + 18*c**2 - c. Give n(3).
132
Let v(l) = -l**3 - 44*l**2 + 101*l - 886. Determine v(-47).
994
Let y(k) = -19*k**2 + 56554*k - 451215. Determine y(8).
1
Let j(p) = -5*p**2 - 841*p - 15452. What is j(-21)?
4
Let x(t) = 3*t**2 + 731*t + 23278. What is x(-32)?
2958
Let k(o) = -7*o**3 - 112*o**2 + 212*o + 3382. Give k(-16).
-10
Let j(b) = -2*b**2 + 564*b - 14215. Determine j(28).
9
Let v(y) = -y**3 - 14*y**2 - 111*y - 846. Give v(-11).
12
Let w(j) = j**3 + 24*j**2 - 238*j + 160. What is w(-32)?
-416
Let r(s) = -s**3 - 18*s**2 + 421*s + 7399. Calculate r(-23).
361
Let s(a) = -2443*a + 107256. Determine s(44).
-236
Let s(v) = -122*v + 2270. Determine s(19).
-48
Let f(d) = -51847*d - 311140. What is f(-6)?
-58
Let k(x) = -x**2 + 311*x + 2557. What is k(319)?
5
Let x(z) = -304*z - 8209. Calculate x(-27).
-1
Let f(a) = 2*a**3 - 314*a**2 - 1711*a + 268626. Calculate f(157).
-1
Let p(h) = h**3 + 230*h**2 - 491*h - 6264. Give p(-232).
0
Let x(h) = -7*h**3 + 9*h**2 - 24*h + 56. Determine x(5).
-714
Let z(w) = 52*w - 2458. Give z(46).
-66
Let r(f) = -f**2 + 68*f + 1972. Determine r(89).
103
Let c(i) = -2*i**3 + 76*i**2 + 57394*i - 2180960. What is c(38)?
12
Let b(c) = 1705*c - 615466. Calculate b(361).
39
Let z(a) = -2*a**3 - 38*a**2 - 106*a + 169. Determine z(-16).
329
Let o(y) = 29*y**2 - 18*y - 373. Give o(-8).
1627
Let d(v) = -39*v**3 + 2028*v**2 + 7*v - 197. Calculate d(52).
167
Let y(f) = -5*f**2 + 762*f + 371. What is y(153)?
-88
Let w(v) = -48922*v - 4305145. Give w(-88).
-9
Let b(s) = -1826*s - 15373. Calculate b(-8).
-765
Let b(y) = y**2 - 114*y - 3449. Give b(140).
191
Let x(f) = 93*f**3 - 141*f**2 + 7*f - 8. Determine x(3).
1255
Let g(o) = o**2 + 16793*o + 268432. Give g(-16).
0
Let w(p) = p**2 - 49*p + 685. Give w(23).
87
Let r(w) = -34*w**3 + 110*w**2 + 175*w - 277. Determine r(4).
7
Let u(c) = 2*c**2 + 404*c + 9253. What is u(-175)?
-197
Let w(b) = 57*b**2 - 220*b - 960. Give w(-3).
213
Let b(z) = -z**2 + 6934*z + 41645. What is b(-6)?
5
Let g(k) = 4*k**3 + 26*k**2 - 25*k - 23. Calculate g(-9).
-608
Let o(d) = -8346*d - 92059. Calculate o(-11).
-253
Let v(r) = -30*r + 777. What is v(14)?
357
Let b(f) = -f**3 + 9*f**2 - 95*f + 664. Determine b(8).
-32
Let j(k) = -3*k**3 + 21*k**2 + 14399*k - 72088. What is j(5)?
57
Let n(a) = -a**3 + 179*a**2 - 1201*a - 502. Calculate n(172).
14
Let p(u) = -3155*u - 2022381. Calculate p(-641).
-26
Let s(v) = 307*v - 3153. Give s(10).
-83
Let d(n) = 1144*n**2 - 27484*n + 76. Give d(24).
-596
Let y(o) = -49*o + 3438. Calculate y(63).
351
Let i(z) = 172*z - 8476. Give i(43).
-1080
Let j(d) = d**3 - 501*d**2 + 16737*d + 1339. What is j(465)?
-56
Let f(h) = 8385*h**2 + 58644*h - 353. Give f(-7).
4
Let h(b) = b**3 + 57*b**2 - 607*b - 10141. Give h(-64).
35
Let k(r) = -24*r**2 - 3792*r - 344. Give k(-158).
-344
Let k(b) = -192*b**2 - 5184*b - 229. Determine k(-27).
-229
Let m(g) = -17319*g + 900590. Calculate m(52).
2
Let u(z) = 2*z**3 + 6*z**2 + 20*z + 63. Give u(-7).
-469
Let u(j) = -j**2 - 2005*j + 111303. Determine u(54).
117
Let r(m) = -10545*m - 126613. What is r(-12)?
-73
Let q(w) = 6*w**3 + 460*w**2 - 163*w + 45. Calculate q(-77).
738
Let a(j) = 95*j**2 + 2939*j + 70. Calculate a(-31).
256
Let s(w) = -w**2 + 4277*w + 34346. Calculate s(-8).
66
Let c(j) = 1048*j**2 - 31412*j - 842. Calculate c(30).
-2
Let a(r) = -2*r**3 + 20*r**2 + 590*r - 5894. Give a(17).
90
Let o(w) = -811*w - 38347. Calculate o(-47).
-230
Let r(v) = -2*v**2 - 580*v - 21018. Calculate r(-43).
224
Let u(k) = -84*k**3 + 2*k**2 + 22*k + 56. Give u(-2).
692
Let k(c) = 1437*c - 51935. Give k(36).
-203
Let j(y) = 11186*y + 503314. Determine j(-45).
-56
Let m(v) = -v**3 - 2*v**2 - 821*v - 10095. Determine m(-11).
25
Let t(f) = 6874*f + 13737. What is t(-2)?
-11
Let a(v) = 2*v**3 + 441*v**2 - 232*v - 1019. What is a(-221)?
1412
Let r(f) = 4*f**3 - 25*f**2 - 60*f + 404. Calculate r(6).
8
Let m(i) = -i**2 + 692*i - 119424. Calculate m(310).
-1004
Let f(b) = 2*b**2 - 